0 = 2*j. Suppose 10 = z + j*z. What is the remainder when z - -6*(-40)/(-6) is divided by 11?
9
Suppose -4*z - 12 = -y, -2*y + 4 + 4 = 0. Let c(b) = -2*b - 6. Calculate the remainder when z*((-21)/6 - -1) is divided by c(-4).
1
Let c be (2/(-2) - 1)/(-1). Calculate the remainder when 44 is divided by (-69)/c*(-2)/3.
21
Let g(b) = -6*b**3 - b**2 + 1. Let y be (-2)/(2*(-3 - -4)). Let z be g(y). Let k(d) = 3*d - 5. What is the remainder when 24 is divided by k(z)?
11
Let h(y) = -y + 2. Let s be h(0). Let l be -2 + -1*(-62)/s. Suppose 2*v + 3*b = l, -4*v + b + 23 = -0*v. What is the remainder when 20 is divided by v?
6
Let p(i) = -i**3 - 4*i**2 + 3*i - 4. Let w be p(-5). Let s be (0 - 1)/(3/w). Let n(c) = 3*c**2 + c - 1. Calculate the remainder when 34 is divided by n(s).
7
Suppose 7*f - 8*f = -8. Suppose -z + 6*z = 0. Let l(v) = -v + 15. What is the remainder when l(z) is divided by f?
7
Let w(i) = i**3 + 7*i**2 - 7*i - 8. Let d be 94/(-14) + 4/(-14). Let o be w(d). Let s = -26 + o. Calculate the remainder when 44 is divided by s.
14
Suppose -7*n + 15 = -2*n. Suppose -7*k = -n*k. Suppose k*u - 70 = -2*u + 5*m, -50 = -u - 5*m. Calculate the remainder when u is divided by 14.
12
Suppose -5*u + 0*t - 5*t + 110 = 0, -4*t + 16 = u. Suppose -1 = -a + u. What is the remainder when a is divided by 9?
7
Suppose 5*k = 10, 5*g - 3*g - 5*k + 4 = 0. Let a = g - -14. Calculate the remainder when a is divided by 6.
5
Let m = -9 - -27. Suppose 0 = 5*p + l + 295, -3*l = 2*p - 2*l + 115. Let u = -7 - p. Calculate the remainder when u is divided by m.
17
Let w be 3/(-6)*1*-22. Let c = -6 + w. What is the remainder when 16 is divided by c?
1
Suppose 4*t - 4*z - 12 = 0, 4*t + z + 3 = -0. Suppose 6*m - 4*m - 28 = t. What is the remainder when m is divided by 8?
6
Calculate the remainder when (-39)/(-26) - 321/(-6) is divided by 15.
10
Calculate the remainder when 51 is divided by (245/10 - (-3)/(-6)) + 2.
25
Let q = 5 - 2. Suppose -7*k + q*k + 32 = 0. Suppose 11 = 3*o - 4. Calculate the remainder when k is divided by o.
3
Let t(q) = 2*q**2 + 8*q - 4. Suppose 3*i - f + 71 = 5*i, -3*i + 119 = -f. Calculate the remainder when i is divided by t(-6).
18
What is the remainder when 54 is divided by -4 + (2 - -3) - -20?
12
Suppose -z + 6*z - 185 = 4*g, 2*g - 148 = -4*z. Suppose 0 = 2*u - 3*u + 12. Suppose o + 2 = u. What is the remainder when z is divided by o?
7
Let d(i) = i**2 - 15*i + 14. Suppose 2*j + 0 = -3*w - 2, -j = -5*w - 25. What is the remainder when w/6*(-246)/4 is divided by d(15)?
13
Let u(y) be the second derivative of y**4/4 + 5*y**3/6 - 5*y. Calculate the remainder when u(3) is divided by 15.
12
Suppose -3*t + 10 = -77. Calculate the remainder when 171 is divided by t.
26
Let z = -5 + 20. Suppose 2*g + f = 30, 5*g - 2*f = 2*f + 49. What is the remainder when (z/9)/(1/15) is divided by g?
12
Let k(p) = p + 22. Let c be k(-11). Let m be (3/1)/((-3)/(-4)). Suppose 5*t - c = m*t. What is the remainder when t is divided by 6?
5
Suppose f + 4*f = 130. What is the remainder when f is divided by -4 - (-2 + 0)*9?
12
Suppose -4*h + 189 = -287. What is the remainder when h is divided by 30?
29
Suppose 0 = 2*z - 0*z - 8. What is the remainder when 7 is divided by z?
3
Let r be ((-7)/(-2))/((-2)/(-4)). Let d(t) = -6*t + t**2 + t - 3 + 0*t**2. Calculate the remainder when 20 is divided by d(r).
9
Suppose 2*j = 2*x - 14, j + 17 = x + 2*j. What is the remainder when 34 is divided by x?
10
Let l(s) = s. Let p(a) = 7*a - 5. Let u(o) = 6*l(o) - p(o). What is the remainder when 25 is divided by u(-9)?
11
Suppose 5*f - 15 = 2*f. Suppose 2*l + l - w - 189 = 0, 2*l + f*w - 143 = 0. What is the remainder when l is divided by 22?
20
Calculate the remainder when 45 - -2 - 8/(-2) is divided by 14.
9
Let y = -1 - -2. What is the remainder when 24 is divided by y/5 - (-64)/5?
11
Let f = 124 - 73. Suppose -14*i + 0 = -364. Calculate the remainder when f is divided by i.
25
Let s = -9 - -29. Calculate the remainder when 4 + -2 + (2 - -35) is divided by s.
19
Let v = 38 - 4. Let s = 62 - v. Calculate the remainder when s is divided by 15.
13
Let z be (-12)/(-1 + -1 - -3). Let c be ((-2)/(-3))/(4/z). Calculate the remainder when (-69)/c*(-2)/(-3) is divided by 12.
11
Suppose g = -3*d - 354, -2*d + g - 241 = -0*d. Let w = 183 + d. Suppose -3*v = -q + 16, -4*q + 0*v + w = 3*v. What is the remainder when 30 is divided by q?
14
Let w(d) = d**2 + 3*d + 5. Let a(o) = -o**3 - 6*o**2 - 5*o - 4. Let k be a(-5). What is the remainder when 6/8 - (-101)/4 is divided by w(k)?
8
Let d(p) = p**3 - 16*p**2 + 2*p - 28. What is the remainder when d(16) is divided by 3?
1
Let i = 12 + -5. Suppose 4*u - 4*q = 296, i*q - 388 = -5*u + 3*q. Let w = -41 + u. Calculate the remainder when w is divided by 12.
11
Suppose 0 = -6*f + f + 70. Suppose -i + f + 9 = 2*v, 87 = 5*i + 3*v. What is the remainder when 29 is divided by i?
14
Suppose -5*a - 48 = 12. What is the remainder when 18*2 + a/4 is divided by 9?
6
Suppose -6*a + 20 = -4. What is the remainder when 30 is divided by a?
2
Suppose 2 = h - 0. Calculate the remainder when 27*h/3*1 is divided by 1*-5*(1 + -3).
8
Let y = 123 + -85. Calculate the remainder when y is divided by 14.
10
Let n = -35 - -51. Let b(m) = -m - 3. Let k be b(-4). Calculate the remainder when n is divided by -1 + (k - -2) + 7.
7
Suppose z - 4*o - 45 = 0, -z + 4*o = 2*o - 41. Suppose 0*u + u = -5*t, -2*t - 34 = -3*u. Calculate the remainder when z is divided by u.
7
Suppose -8*q - 84 = -12*q. Calculate the remainder when 62 is divided by q.
20
Let i(b) = -3*b + 6. Calculate the remainder when 88 is divided by i(-4).
16
Let f(g) = -2*g**3 + 16*g**2 + 18*g + 13. Calculate the remainder when 47 is divided by f(9).
8
Let y(p) = 12*p**2 + p + 1. Suppose 0 = 5*a - 1 - 4. What is the remainder when y(-2) is divided by a/(-6) + 97/6?
15
Suppose -3*p - l = -50, -10 - 12 = -2*p + 5*l. Let b be 2/3 - 16/(-12). Suppose -6*w = -b*w - 24. What is the remainder when p is divided by w?
4
Let o = -3 - -5. Suppose -o*b = b - 69. What is the remainder when b is divided by 12?
11
Let r(s) = -2*s - 3 + 4*s + s**2 - s**3 + 4. Calculate the remainder when r(2) is divided by ((-4)/(-8))/((-2)/(-4)).
0
Suppose 5*a - 27 = 2*a. Calculate the remainder when a is divided by 6.
3
Suppose m = -5, 43 = 5*p - 2*p + m. Suppose -3*w = -4*u + 33, 0*u + w + 8 = u. Calculate the remainder when p is divided by u.
7
Suppose -5*t = t - 768. Calculate the remainder when t is divided by 44.
40
Suppose 0 = -3*w + 2*j + 9, 2*w = j + 3 + 2. Calculate the remainder when 1 is divided by w.
0
Suppose 2 = -3*n + 5. What is the remainder when 41 is divided by 340/16 - n/4?
20
Let a = 81 - 70. What is the remainder when a is divided by 4?
3
Calculate the remainder when ((-185)/25)/(2/(-10)) is divided by 19.
18
Calculate the remainder when 59 is divided by (9/6)/((-12)/(-16)) - -4.
5
Suppose -66 = z - 2*z. Calculate the remainder when z is divided by 34.
32
Suppose -2*m = -9 + 1. Suppose 0 = -5*s, -2*k = s - m - 4. Calculate the remainder when 14 is divided by k.
2
Calculate the remainder when 18 is divided by (0 - -8) + (-2)/(-1).
8
Let b be -2 + (-7)/(2 + -3). Suppose 65 = -0*u + b*u. Let f(p) = p**2 - p + 4. What is the remainder when f(-4) is divided by u?
11
Suppose 12 = -0*t - t - 4*u, 0 = 3*t - 2*u + 106. What is the remainder when (-2)/10 + t/(-10) is divided by 1?
0
Let c = 107 + -99. Suppose 4*z + v - 81 = -2*v, -5*v = z - 16. What is the remainder when z is divided by c?
5
Let d(t) = t**3 - 16*t**2 + 2*t - 18. Calculate the remainder when 39 is divided by d(16).
11
Suppose 2*h + 59 = g, -5*g - h + 0*h + 251 = 0. Calculate the remainder when g is divided by 26.
25
What is the remainder when 31/(-2)*(-8 - -6) is divided by 16?
15
Let l(c) = -5*c - 7. Let q be l(-8). Suppose -13 - q = -2*r. What is the remainder when r is divided by 8?
7
Let x(a) = 8*a + 1. Let f = -2 - -3. Calculate the remainder when 26 is divided by x(f).
8
Let m(c) = -6*c + 2. Let b be m(7). What is the remainder when 22 is divided by b/(-7) + 2/7?
4
Calculate the remainder when 5/10 - 69/(-2) is divided by 12.
11
What is the remainder when (-78)/(-21) + 5 - 6/(-21) is divided by 7?
2
Suppose -3*w + 0*w + 12 = 0. Suppose -s = w*s + 345. What is the remainder whe